ainder when 11558 is divided by 592?
310
What is the remainder when 31380 is divided by 430?
420
What is the remainder when 5705 is divided by 173?
169
Calculate the remainder when 13344 is divided by 6661.
22
Calculate the remainder when 54158 is divided by 29.
15
What is the remainder when 1430 is divided by 7?
2
Calculate the remainder when 1621153 is divided by 14.
9
Calculate the remainder when 148496 is divided by 20.
16
What is the remainder when 4336154 is divided by 15?
14
What is the remainder when 8636542 is divided by 408?
406
What is the remainder when 1401 is divided by 593?
215
Calculate the remainder when 559385 is divided by 2127.
2111
Calculate the remainder when 95176 is divided by 174.
172
Calculate the remainder when 4168 is divided by 66.
10
What is the remainder when 3138 is divided by 2992?
146
What is the remainder when 2354 is divided by 108?
86
What is the remainder when 2321 is divided by 77?
11
What is the remainder when 12891 is divided by 30?
21
Calculate the remainder when 55537 is divided by 459.
457
Calculate the remainder when 11103 is divided by 6.
3
What is the remainder when 256648 is divided by 418?
414
What is the remainder when 4491 is divided by 27?
9
Calculate the remainder when 39547 is divided by 19760.
27
What is the remainder when 14844 is divided by 3708?
12
Calculate the remainder when 4238 is divided by 3539.
699
Calculate the remainder when 219200 is divided by 821.
814
What is the remainder when 746775 is divided by 92?
11
Calculate the remainder when 352048 is divided by 64.
48
Calculate the remainder when 2987298 is divided by 447.
444
Calculate the remainder when 15270 is divided by 282.
42
What is the remainder when 1732 is divided by 288?
4
What is the remainder when 517 is divided by 160?
37
Calculate the remainder when 51405 is divided by 71.
1
Calculate the remainder when 26313 is divided by 51.
48
Calculate the remainder when 7289 is divided by 45.
44
What is the remainder when 60416 is divided by 12083?
1
Calculate the remainder when 5988 is divided by 105.
3
Calculate the remainder when 503650 is divided by 125909.
14
What is the remainder when 25823 is divided by 27?
11
Calculate the remainder when 3991 is divided by 3988.
3
What is the remainder when 81312 is divided by 20?
12
What is the remainder when 4113 is divided by 1363?
24
Calculate the remainder when 9030 is divided by 4468.
94
What is the remainder when 62411 is divided by 15597?
23
Calculate the remainder when 12870 is divided by 341.
253
What is the remainder when 6451 is divided by 22?
5
What is the remainder when 1111 is divided by 130?
71
What is the remainder when 2004 is divided by 575?
279
Calculate the remainder when 1239 is divided by 71.
32
What is the remainder when 132889 is divided by 44292?
13
What is the remainder when 221567 is divided by 17043?
8
What is the remainder when 10389 is divided by 81?
21
Calculate the remainder when 47729 is divided by 124.
113
Calculate the remainder when 622 is divided by 158.
148
What is the remainder when 1902 is divided by 664?
574
Calculate the remainder when 29642 is divided by 81.
77
What is the remainder when 16491 is divided by 292?
139
Calculate the remainder when 1871782 is divided by 24957.
7
What is the remainder when 16098 is divided by 37?
3
Calculate the remainder when 62840 is divided by 197.
194
What is the remainder when 1614 is divided by 1124?
490
What is the remainder when 20542 is divided by 663?
652
What is the remainder when 158381 is divided by 126?
125
What is the remainder when 9150 is divided by 419?
351
Calculate the remainder when 11663 is divided by 2330.
13
What is the remainder when 6760 is divided by 450?
10
What is the remainder when 3256 is divided by 954?
394
What is the remainder when 135872 is divided by 20?
12
Calculate the remainder when 106450 is divided by 15.
10
What is the remainder when 590 is divided by 569?
21
Calculate the remainder when 21960 is divided by 365.
60
Calculate the remainder when 1998 is divided by 410.
358
Calculate the remainder when 3052 is divided by 1225.
602
Calculate the remainder when 1811 is divided by 40.
11
What is the remainder when 9028 is divided by 1803?
13
What is the remainder when 17438 is divided by 61?
53
What is the remainder when 73392 is divided by 237?
159
What is the remainder when 42886 is divided by 400?
86
What is the remainder when 13150568 is divided by 2654?
2652
Calculate the remainder when 40741 is divided by 13571.
28
What is the remainder when 2567 is divided by 475?
192
Calculate the remainder when 3126029 is divided by 790.
789
Calculate the remainder when 171007 is divided by 10686.
31
What is the remainder when 91563 is divided by 422?
411
What is the remainder when 2051528 is divided by 130?
128
What is the remainder when 14045 is divided by 307?
230
Calculate the remainder when 21231 is divided by 20.
11
What is the remainder when 6975 is divided by 2?
1
Calculate the remainder when 7232 is divided by 696.
272
What is the remainder when 11545 is divided by 1912?
73
Calculate the remainder when 20244 is divided by 83.
75
What is the remainder when 2197 is divided by 16?
5
What is the remainder when 22266 is divided by 301?
293
What is the remainder when 208666 is divided by 110?
106
Calculate the remainder when 11628 is divided by 2636.
1084
What is the remainder when 53390 is divided by 59?
54
Calculate the remainder when 13680 is divided by 6819.
42
What is the remainder when 3332 is divided by 1625?
82
Calculate the remainder when 153266 is divided by 15.
11
Calculate the remainder when 128227 is divided by 411.
406
Calculate the remainder when 163502 is divided by 382.
6
What is the remainder when 1884 is divided by 937?
10
Calculate the remainder when 528566 is divided by 11.
5
What is the remainder when 1553998 is divided by 210?
208
Calculate the remainder when 158276 is divided by 750.
26
What is the remainder when 8985 is divided by 8685?
300
What is the remainder when 196831 is divided by 559?
63
Calculate the remainder when 721 is divided by 102.
7
Calculate the remainder when 7754 is divided by 1291.
8
What is the remainder when 262903 is divided by 1073?
18
What is the remainder when 407 is divided by 98?
15
What is the remainder when 3533 is divided by 588?
5
What is the remainder when 6010 is divided by 74?
16
Calculate the remainder when 76142 is divided by 22.
0
What is the remainder when 7103 is divided by 7089?
14
Calculate the remainder when 77293 is divided by 25678.
259
What is the remainder when 45155 is divided by 208?
19
What is the remainder when 336019 is divided by 147?
124
What is the remainder when 38437 is divided by 113?
17
What is the remainder when 1065342 is divided by 5?
2
Calculate the remainder when 504425 is divided by 299.
12
What is the remainder when 2395 is divided by 417?
310
What is the remainder when 303408 is divided by 15169?
28
What is the remainder when 42011 is divided by 47?
40
What is the remainder when 24204 is divided by 418?
378
Calculate the remainder when 1273 is divided by 586.
101
What is the remainder when 4833 is divided by 121?
114
What is the remainder when 270028 is divided by 811?
776
Calculate the remainder when 1816199 is divided by 25.
24
Calculate the remainder when 9145 is divided by 278.
249
Calculate the remainder when 1823 is divided by 10.
3
Calculate the remainder when 106740 is divided by 35579.
3
What is the remainder when 657165 is divided by 269?
267
What is the remainder when 45371 is divided by 15?
11
What is the remainder when 10630 is divided by 161?
4
What is the remainder when 15026 is divided by 1877?
10
What is the remainder when 893 is divided by 253?
134
What is the remainder when 339806 is divided by 287?
285
Calculate the remainder when 1147 is divided by 1119.
28
What is the remainder when 42157 is divided by 96?
13
What is the remainder when 1020670 is divided by 72?
70
Calculate the remainder when 744915 is divided by 2.
1
Calculate the remainder when 4613 is divided by 159.
2
What is the remainder when 1081 is divided by 1035?
46
Calculate the remainder when 6730 is divided by 322.
290
Calculate the remainder when 10226 is divided by 39.
8
What is the remainder when 24019